{"id":2005,"date":"2016-05-09T14:19:24","date_gmt":"2016-05-09T14:19:24","guid":{"rendered":"http:\/\/127.0.0.1\/rcm\/sp\/asuntos-academicos\/departamentos-academicos\/departamento-de-ciencias-sociales\/programa-de-educacion-en-salud\/asociacion-de-estudiantes-de-educacion-en-salud-publica\/"},"modified":"2016-05-09T14:19:24","modified_gmt":"2016-05-09T14:19:24","slug":"asociacion-de-estudiantes-de-educacion-en-salud-publica","status":"publish","type":"page","link":"https:\/\/rcm1.rcm.upr.edu\/sp\/asociacion-de-estudiantes-de-educacion-en-salud-publica\/","title":{"rendered":"Asociaci\u00f3n de Estudiantes de Educaci\u00f3n en Salud P\u00fablica"},"content":{"rendered":"<section class=\"wpb-content-wrapper\"><p>[vc_row][vc_column width=&#8221;5\/6&#8243;][vc_column_text]El prop\u00f3sito de la Asociaci\u00f3n de Estudiantes de Educaci\u00f3n en Salud (AEEDSA) es promover estilos de vida saludables en los estudiantes y las comunidades, fomentar la participaci\u00f3n estudiantil en actividades relacionadas a la Promoci\u00f3n de la Salud y Educaci\u00f3n para la Salud, dentro y fuera de la comunidad universitaria. Tambi\u00e9n buscamos concienciar sobre la importancia de la profesi\u00f3n de Educadores en Salud P\u00fablica como estrategia de cambio social y de fortalecimiento de capacidades, dentro del campo de la Salud P\u00fablica. Asimismo, apoyar y formar parte de las iniciativas de Promoci\u00f3n de la Salud desarrolladas dentro del marco de Universidades Promotoras de la Salud en la Universidad de Puerto Rico. Adem\u00e1s de promover herramientas e informaci\u00f3n v\u00e1lida que conduzca a los individuos, comunidad y a la sociedad en general a mejorar sus estilos de vida y a tomar decisiones informadas favorables a la salud fundamentadas en un enfoque hol\u00edstico.<\/p>\n<p>&nbsp;<\/p>\n<h4>Encu\u00e9ntranos en\u00a0<a href=\"https:\/\/www.facebook.com\/login\/?next=https%3A%2F%2Fwww.facebook.com%2Faeedsa\" target=\"_blank\" rel=\"noopener noreferrer\"><img loading=\"lazy\" decoding=\"async\" class=\"alignnone\" src=\"https:\/\/upload.wikimedia.org\/wikipedia\/commons\/thumb\/0\/06\/Facebook.svg\/266px-Facebook.svg.png\" alt=\"AEEDSA en Facebook\" width=\"83\" height=\"31\" \/><\/a><\/h4>\n<p>[\/vc_column_text][\/vc_column][vc_column width=&#8221;1\/6&#8243;][vc_column_text]<a class=\"dt-single-image\" href=\"https:\/\/rcm1.rcm.upr.edu\/sp\/wp-content\/uploads\/2020\/03\/ae_edsa-1.jpg\"><img loading=\"lazy\" decoding=\"async\" class=\"wp-image-1238 size-thumbnail aligncenter\" src=\"https:\/\/rcm1.rcm.upr.edu\/sp\/wp-content\/uploads\/2020\/03\/ae_edsa-1.jpg\" alt=\"ae_edsa\" width=\"150\" height=\"150\" \/><\/a>[\/vc_column_text][\/vc_column][\/vc_row]<\/p>\n<\/section>","protected":false},"excerpt":{"rendered":"<p>[vc_row][vc_column width=&#8221;5\/6&#8243;][vc_column_text]El prop\u00f3sito de la Asociaci\u00f3n de Estudiantes de Educaci\u00f3n en Salud (AEEDSA) es promover estilos de vida saludables en los estudiantes y las comunidades, fomentar la participaci\u00f3n estudiantil en actividades relacionadas a la Promoci\u00f3n de la Salud y Educaci\u00f3n para la Salud, dentro y fuera de la comunidad universitaria. Tambi\u00e9n buscamos concienciar sobre la&hellip;<\/p>\n","protected":false},"author":1,"featured_media":0,"parent":0,"menu_order":0,"comment_status":"closed","ping_status":"closed","template":"template-microsite.php","meta":{"footnotes":""},"class_list":["post-2005","page","type-page","status-publish","hentry","description-off"],"jetpack_sharing_enabled":true,"_links":{"self":[{"href":"https:\/\/rcm1.rcm.upr.edu\/sp\/wp-json\/wp\/v2\/pages\/2005","targetHints":{"allow":["GET"]}}],"collection":[{"href":"https:\/\/rcm1.rcm.upr.edu\/sp\/wp-json\/wp\/v2\/pages"}],"about":[{"href":"https:\/\/rcm1.rcm.upr.edu\/sp\/wp-json\/wp\/v2\/types\/page"}],"author":[{"embeddable":true,"href":"https:\/\/rcm1.rcm.upr.edu\/sp\/wp-json\/wp\/v2\/users\/1"}],"replies":[{"embeddable":true,"href":"https:\/\/rcm1.rcm.upr.edu\/sp\/wp-json\/wp\/v2\/comments?post=2005"}],"version-history":[{"count":0,"href":"https:\/\/rcm1.rcm.upr.edu\/sp\/wp-json\/wp\/v2\/pages\/2005\/revisions"}],"wp:attachment":[{"href":"https:\/\/rcm1.rcm.upr.edu\/sp\/wp-json\/wp\/v2\/media?parent=2005"}],"curies":[{"name":"wp","href":"https:\/\/api.w.org\/{rel}","templated":true}]}}

Asociación de Estudiantes de Educación en Salud Pública

<section class="wpb-content-wrapper"><p>[vc_row][vc_column width=&#8221;5/6&#8243;][vc_column_text]El propósito de la Asociación de Estudiantes de Educación en Salud (AEEDSA) es promover estilos de vida saludables en los estudiantes y las comunidades, fomentar la participación estudiantil en actividades relacionadas a la Promoción de la Salud y Educación para la Salud, dentro y fuera de la comunidad universitaria. También buscamos concienciar sobre la importancia de la profesión de Educadores en Salud Pública como estrategia de cambio social y de fortalecimiento de capacidades, dentro del campo de la Salud Pública. Asimismo, apoyar y formar parte de las iniciativas de Promoción de la Salud desarrolladas dentro del marco de Universidades Promotoras de la Salud en la Universidad de Puerto Rico. Además de promover herramientas e información válida que conduzca a los individuos, comunidad y a la sociedad en general a mejorar sus estilos de vida y a tomar decisiones informadas favorables a la salud fundamentadas en un enfoque holístico.</p>
<p>&nbsp;</p>
<h4>Encuéntranos en <a href="https://www.facebook.com/login/?next=https%3A%2F%2Fwww.facebook.com%2Faeedsa" target="_blank" rel="noopener noreferrer"><img loading="lazy" decoding="async" class="alignnone" src="https://upload.wikimedia.org/wikipedia/commons/thumb/0/06/Facebook.svg/266px-Facebook.svg.png" alt="AEEDSA en Facebook" width="83" height="31" /></a></h4>
<p>[/vc_column_text][/vc_column][vc_column width=&#8221;1/6&#8243;][vc_column_text]<a class="dt-single-image" href="https://rcm1.rcm.upr.edu/sp/wp-content/uploads/2020/03/ae_edsa-1.jpg"><img loading="lazy" decoding="async" class="wp-image-1238 size-thumbnail aligncenter" src="https://rcm1.rcm.upr.edu/sp/wp-content/uploads/2020/03/ae_edsa-1.jpg" alt="ae_edsa" width="150" height="150" /></a>[/vc_column_text][/vc_column][/vc_row]</p>
</section>

<p>[vc_row][vc_column width=&#8221;5/6&#8243;][vc_column_text]El propósito de la Asociación de Estudiantes de Educación en Salud (AEEDSA) es promover estilos de vida saludables en los estudiantes y las comunidades, fomentar la participación estudiantil en actividades relacionadas a la Promoción de la Salud y Educación para la Salud, dentro y fuera de la comunidad universitaria. También buscamos concienciar sobre la&hellip;</p>
