{"id":54,"date":"2016-05-09T14:18:56","date_gmt":"2016-05-09T14:18:56","guid":{"rendered":"http:\/\/127.0.0.1\/rcm\/sp\/asuntos-academicos\/departamentos-academicos\/departamento-de-ciencias-sociales\/"},"modified":"2023-10-20T14:27:07","modified_gmt":"2023-10-20T14:27:07","slug":"departamento-de-ciencias-sociales","status":"publish","type":"page","link":"https:\/\/rcm1.rcm.upr.edu\/sp\/departamento-de-ciencias-sociales\/","title":{"rendered":"Departamento de Ciencias Sociales"},"content":{"rendered":"<section class=\"wpb-content-wrapper\"><p>[vc_row][vc_column][vc_column_text]El Departamento de Ciencias Sociales est\u00e1 integrado por los programas acad\u00e9micos de Educaci\u00f3n en Salud P\u00fablica (diurno y vespertino) y Ciencias en Demograf\u00eda (diurno). Adem\u00e1s, cuenta con la Unidad de Ciencias Sociales que ofrece cursos de servicio en el \u00e1rea de ciencias sociales a los programas y facultades del Recinto de Ciencias M\u00e9dicas.<\/p>\n<p>&nbsp;<\/p>\n<p>Programas:<\/p>\n<ul>\n<li><a href=\"https:\/\/rcm1.rcm.upr.edu\/sp\/programas-academicos\/maestria-en-educacion-en-salud-publica-diurno-y-vespertino\/\">Maestr\u00eda en Educaci\u00f3n en Salud P\u00fablica (diurno y vespertino)<\/a><\/li>\n<li><a href=\"https:\/\/rcm1.rcm.upr.edu\/sp\/programas-academicos\/maestria-en-ciencias-en-demografia\/\">Maestr\u00eda en Ciencias en Demograf\u00eda (diurno)<\/a><\/li>\n<li><a href=\"https:\/\/rcm1.rcm.upr.edu\/sp\/programas-academicos\/doctorado-en-salud-publica-drph-con-especialidad-en-determinantes-sociales-de-la-salud\/\">Doctorado en Salud P\u00fablica (DrPH) con Especialidad en Determinantes Sociales de la Salud<\/a><\/li>\n<\/ul>\n<p>&nbsp;<\/p>\n<p>El Departamento es sede de dos iniciativas internacionales:<\/p>\n<ul>\n<li><a href=\"https:\/\/rcm1.rcm.upr.edu\/sp\/iniciativas-internacionales\/oficina-de-coordinacion-consorcio-interamericano-de-universidades-y-centros-de-formacion-de-personal-en-educacion-para-la-salud-y-promocion-de-la-salud-ciueps\/\">Oficina de Coordinaci\u00f3n, Consorcio Interamericano de Universidades y Centros de Formaci\u00f3n de Personal en Educaci\u00f3n para la Salud y Promoci\u00f3n de la Salud (CIUEPS)<\/a><\/li>\n<li><a href=\"https:\/\/rcm1.rcm.upr.edu\/sp\/iniciativas-internacionales\/oficina-regional-latinoamericana-union-internacional-de-promocion-de-la-salud-y-educacion-para-la-salud-uipes\/\">Oficina Regional Latinoamericana, Uni\u00f3n Internacional de Promoci\u00f3n de la Salud y Educaci\u00f3n para la Salud (UIPES)<\/a><\/li>\n<\/ul>\n<p>[\/vc_column_text][\/vc_column][\/vc_row]<\/p>\n<\/section>","protected":false},"excerpt":{"rendered":"<p>[vc_row][vc_column][vc_column_text]El Departamento de Ciencias Sociales est\u00e1 integrado por los programas acad\u00e9micos de Educaci\u00f3n en Salud P\u00fablica (diurno y vespertino) y Ciencias en Demograf\u00eda (diurno). Adem\u00e1s, cuenta con la Unidad de Ciencias Sociales que ofrece cursos de servicio en el \u00e1rea de ciencias sociales a los programas y facultades del Recinto de Ciencias M\u00e9dicas. &nbsp; Programas:&hellip;<\/p>\n","protected":false},"author":1,"featured_media":0,"parent":0,"menu_order":0,"comment_status":"closed","ping_status":"closed","template":"template-microsite.php","meta":{"footnotes":""},"class_list":["post-54","page","type-page","status-publish","hentry","description-off"],"jetpack_sharing_enabled":true,"_links":{"self":[{"href":"https:\/\/rcm1.rcm.upr.edu\/sp\/wp-json\/wp\/v2\/pages\/54","targetHints":{"allow":["GET"]}}],"collection":[{"href":"https:\/\/rcm1.rcm.upr.edu\/sp\/wp-json\/wp\/v2\/pages"}],"about":[{"href":"https:\/\/rcm1.rcm.upr.edu\/sp\/wp-json\/wp\/v2\/types\/page"}],"author":[{"embeddable":true,"href":"https:\/\/rcm1.rcm.upr.edu\/sp\/wp-json\/wp\/v2\/users\/1"}],"replies":[{"embeddable":true,"href":"https:\/\/rcm1.rcm.upr.edu\/sp\/wp-json\/wp\/v2\/comments?post=54"}],"version-history":[{"count":2,"href":"https:\/\/rcm1.rcm.upr.edu\/sp\/wp-json\/wp\/v2\/pages\/54\/revisions"}],"predecessor-version":[{"id":5476,"href":"https:\/\/rcm1.rcm.upr.edu\/sp\/wp-json\/wp\/v2\/pages\/54\/revisions\/5476"}],"wp:attachment":[{"href":"https:\/\/rcm1.rcm.upr.edu\/sp\/wp-json\/wp\/v2\/media?parent=54"}],"curies":[{"name":"wp","href":"https:\/\/api.w.org\/{rel}","templated":true}]}}

<section class="wpb-content-wrapper"><p>[vc_row][vc_column][vc_column_text]El Departamento de Ciencias Sociales está integrado por los programas académicos de Educación en Salud Pública (diurno y vespertino) y Ciencias en Demografía (diurno). Además, cuenta con la Unidad de Ciencias Sociales que ofrece cursos de servicio en el área de ciencias sociales a los programas y facultades del Recinto de Ciencias Médicas.</p>
<p>&nbsp;</p>
<p>Programas:</p>
<ul>
<li><a href="https://rcm1.rcm.upr.edu/sp/programas-academicos/maestria-en-educacion-en-salud-publica-diurno-y-vespertino/">Maestría en Educación en Salud Pública (diurno y vespertino)</a></li>
<li><a href="https://rcm1.rcm.upr.edu/sp/programas-academicos/maestria-en-ciencias-en-demografia/">Maestría en Ciencias en Demografía (diurno)</a></li>
<li><a href="https://rcm1.rcm.upr.edu/sp/programas-academicos/doctorado-en-salud-publica-drph-con-especialidad-en-determinantes-sociales-de-la-salud/">Doctorado en Salud Pública (DrPH) con Especialidad en Determinantes Sociales de la Salud</a></li>
</ul>
<p>&nbsp;</p>
<p>El Departamento es sede de dos iniciativas internacionales:</p>
<ul>
<li><a href="https://rcm1.rcm.upr.edu/sp/iniciativas-internacionales/oficina-de-coordinacion-consorcio-interamericano-de-universidades-y-centros-de-formacion-de-personal-en-educacion-para-la-salud-y-promocion-de-la-salud-ciueps/">Oficina de Coordinación, Consorcio Interamericano de Universidades y Centros de Formación de Personal en Educación para la Salud y Promoción de la Salud (CIUEPS)</a></li>
<li><a href="https://rcm1.rcm.upr.edu/sp/iniciativas-internacionales/oficina-regional-latinoamericana-union-internacional-de-promocion-de-la-salud-y-educacion-para-la-salud-uipes/">Oficina Regional Latinoamericana, Unión Internacional de Promoción de la Salud y Educación para la Salud (UIPES)</a></li>
</ul>
<p>[/vc_column_text][/vc_column][/vc_row]</p>
</section>

<p>[vc_row][vc_column][vc_column_text]El Departamento de Ciencias Sociales está integrado por los programas académicos de Educación en Salud Pública (diurno y vespertino) y Ciencias en Demografía (diurno). Además, cuenta con la Unidad de Ciencias Sociales que ofrece cursos de servicio en el área de ciencias sociales a los programas y facultades del Recinto de Ciencias Médicas. &nbsp; Programas:&hellip;</p>
